 28 is divided by c.
11
Suppose -47*f = -46*f - 22. Calculate the remainder when 1406 is divided by f.
20
Suppose -s - 3*s - 4*y + 104 = 0, 4 = 2*y. Let h = s + -15. What is the remainder when 33 is divided by h?
6
Let x be -4*((-5)/6)/((-16)/(-24)). Suppose -2*p = -2*k + 38, -4*k = x*p - 0*p - 58. Calculate the remainder when 33 is divided by k.
16
Suppose -5*b = -61 - 104. Let r = -23 + 153. What is the remainder when r is divided by b?
31
Suppose 0 = 4*k - 3*k, 4*l = 3*k + 40. Suppose l = 4*x - 114. What is the remainder when x is divided by 16?
15
Let h(b) = 2*b - 1. Let z(g) = g**2 - 3*g + 3. Let v be z(2). Let d be h(v). Suppose -l + 10 - d = 0. Calculate the remainder when l is divided by 5.
4
Suppose -4 = 2*p, -5*f + 6*p - 2*p + 168 = 0. Suppose 7*u - f = 38. Calculate the remainder when 36 is divided by u.
6
Let r be 57/12 + 3/(-4). Suppose 12 = -m + r*m. Suppose 2*u - 4*u = -34. What is the remainder when u is divided by m?
1
Suppose -15 + 51 = 3*c. Let k = c - 8. Calculate the remainder when k/(-18) + (-1376)/(-36) is divided by 20.
18
Suppose -3*t = -166 - 53. Suppose 0 = 4*f + 20, 0 = 4*q - 0*q - f - t. Calculate the remainder when 67 is divided by q.
16
Let l = -675 - -782. Calculate the remainder when l is divided by 38.
31
Let v(z) = -47*z - 28. Calculate the remainder when v(-1) is divided by 7.
5
Let t(u) be the first derivative of u**2 + 8*u + 7. Let y be t(10). What is the remainder when 64 is divided by y/7 - (-13 + 0)?
13
Suppose 2*n + 4*f = 5*f + 13, 35 = 5*n - 3*f. Suppose -14 = -5*j - n. Suppose -3*k = j*k - 25. What is the remainder when 14 is divided by k?
4
Suppose -5*s + 44 = -5*z - 1, 0 = 4*s - z - 21. Calculate the remainder when 10 is divided by s.
2
Let f(r) = r**3 + 4*r**2 - 4*r - 4. Let d(b) = -6 + b - 7*b + 22 - 4*b. Calculate the remainder when d(-3) is divided by f(-4).
10
Suppose 8 + 4 = 3*z. Calculate the remainder when 93/18 - 3/18 is divided by z.
1
Let g(d) = d**2 - d - 10. What is the remainder when 28 is divided by g(-3)?
0
Let t = -10 - -79. Let c = t - 48. Let z = 24 + -18. Calculate the remainder when c is divided by z.
3
Suppose 664 = 7*z + 286. What is the remainder when 213 is divided by z?
51
Let z(o) = 3*o**2 + 8*o + 6. Calculate the remainder when z(-3) is divided by 1 - (-5)/((-10)/(-12)).
2
Calculate the remainder when 4/(-20)*-214*(-70)/(-28) is divided by 18.
17
Let q = 9 - 11. Let j = 9 + q. Let p(r) = 2*r - 8. Calculate the remainder when j is divided by p(6).
3
Let d be (-6)/18 - 138/(-9). Let f = d + 15. Suppose 0 = 2*s - 46 - f. Calculate the remainder when 149 is divided by s.
35
Suppose 17*w + 384 = 13*w. Calculate the remainder when (-6 - -2)/1 + 82 is divided by w/9*(-18)/12.
14
Let i = 12 + 1. Let l(q) = q**2 - 2*q - 45. What is the remainder when l(12) is divided by i?
10
Suppose 9*x + 741 = 1254. What is the remainder when 219 is divided by x?
48
Let m(v) = 12*v**3 - v**2 + v. Suppose -3*t - 11 = -5*c, 4*c - t - 1 - 5 = 0. Calculate the remainder when 92*(3 + 44/(-16)) is divided by m(c).
11
Suppose 23400 = -176*v + 206*v. Calculate the remainder when v is divided by 14.
10
Calculate the remainder when 90*(6/(-21))/((-90)/378) is divided by 43.
22
Suppose 0 = -4*u + 9*u. Suppose u = -29*r + 24*r + 235. What is the remainder when r is divided by 12?
11
Suppose 10*p + 3*p - 611 = 0. What is the remainder when p is divided by 40?
7
Suppose 7*c = 51*c + 528. Let p(n) = -4*n + n - 7 - 10. Calculate the remainder when 37 is divided by p(c).
18
Let n(t) = -12*t**2 - 4*t + 1. Let p be n(-2). Calculate the remainder when -3 + 3 - (p - 0) is divided by (-555)/(-27) + (-24)/(-54).
18
Suppose 2*l + 112 = 2*m, m + l - 249 = -3*m. Let c(w) = -42*w + 1. Let t be c(-1). Let x = t + -22. What is the remainder when m is divided by x?
19
Let z(r) = -6*r + 64. Calculate the remainder when z(7) is divided by 17.
5
Suppose 0 = -3*h - 3*j + 12, j + 28 = 3*h. Calculate the remainder when 0 + 53 - (-8 + h) is divided by (-21)/2*(-40)/30.
11
Let n = -827 + 861. What is the remainder when n is divided by 23?
11
Let m(r) = -r**3 - 5*r + 8. Let l be m(6). Let n = -131 - l. Let w = n + -54. What is the remainder when w is divided by 18?
17
Let o(k) = k**2 - 6*k + 11. Let i be o(10). Suppose 2*d - 5*d = i. Let c(n) = -n + 8. What is the remainder when 98 is divided by c(d)?
23
Let i be (6/(-8))/(1/4). Let h(n) = -1 - 202*n - 3 + 2*n**2 + 203*n. What is the remainder when h(i) is divided by 7?
4
Suppose -3*v = -2*v. Let s be 3 + (v - 3 - -3). Suppose -5*h = s*o - 71, 4*h = o - 15 - 37. What is the remainder when 93 is divided by o?
29
Suppose -5*s = -h + 16, -16*h = -13*h + 2*s - 99. What is the remainder when 214 is divided by h?
28
What is the remainder when 112 is divided by 2 + ((-12)/2 - -1) + 7?
0
Let f be 4/6 + -6*16/(-18). Suppose f - 60 = -6*n. Calculate the remainder when n is divided by 8.
1
Let y(f) = 22*f + 133. Suppose 3*c + c - 98 = -2*q, 5*c - 130 = -5*q. Calculate the remainder when y(-4) is divided by c.
22
Let p(m) = -m**3 - 4*m**2 + 11*m + 5. Let o = -88 - -132. Suppose -4*t + o = -40. Calculate the remainder when t is divided by p(-6).
10
Suppose 0 = -f + 154 - 111. What is the remainder when f is divided by (0 + -2)/(-1) + 20?
21
Let k = 6 + 1. Let r(b) be the first derivative of b**4/4 + 5*b**3/3 + b**2 + 3*b - 3. Calculate the remainder when r(-4) is divided by k.
4
Let a be (695 + -1)/(6/3). Suppose -521 = -4*z + a. Let j = z - 120. Calculate the remainder when j is divided by 25.
22
Suppose 0 = -4*j + 5*b - 85, 2*j = 3*j - 4*b + 24. What is the remainder when 75 is divided by (-1 - j)*(-1 + 0 + 2)?
18
Let a(x) = -x**2 - 9*x - 11. Let j be a(-8). Let c = 50 + j. Suppose 0*m - c = -5*y - 4*m, 18 = 2*y + 2*m. Calculate the remainder when 21 is divided by y.
10
Suppose 0 = 4*i + i - 10, -4*i = -4*t + 8. Suppose 0 = t*a - 15 - 33. What is the remainder when 9 is divided by -6*(-2 + a/8)?
0
Suppose 5*j - 12*y + 7*y - 30 = 0, 5*j - y = 14. Suppose -4*d + 36 = -d. What is the remainder when (470/5)/(2 - (2 - j)) is divided by d?
11
Let g be 6/14 + 104/(-14). Let x = 19 - g. What is the remainder when x is divided by (-224)/24*(-3)/2?
12
Let p = 0 + 17. Let w be ((-2)/(-2) - (-1 + 0)) + -2. What is the remainder when p is divided by (3 + (-2 - w))/((-1)/(-6))?
5
Calculate the remainder when 72 is divided by 17*((-2)/14)/((-5)/35).
4
Let b = 13 + 22. Let a be (-5)/(15/9) + 6. Calculate the remainder when b is divided by a + 1 + (-24)/(-3).
11
Let a(k) = -8*k - 2*k + 6*k + 3*k + 15. Let l be a(11). Suppose 5*q - m - 3 = 12, 3*q - l*m = 9. Calculate the remainder when 5 is divided by q.
2
Suppose -20*r = -200 - 320. Calculate the remainder when 336 is divided by r.
24
Suppose -2*y + 7*y - 570 = 0. Let d = 129 - y. Calculate the remainder when 56 is divided by d.
11
Suppose 0 = -10*m + 7*m + 15. Suppose 0 = -m*w + 17 + 33. What is the remainder when w is divided by 8?
2
Suppose -26*y - 560 = -34*y. Calculate the remainder when 266 is divided by y.
56
Suppose -3*i = g - 3*g - 20, 0 = i - 2*g - 12. Calculate the remainder when (162/(-24))/(((-9)/24)/1) is divided by i.
2
Suppose -3*b + 4*g + 25 - 3 = 0, 4*b = 3*g + 41. What is the remainder when (-235)/2*(-76)/190 is divided by b?
5
Suppose 0 = 2*q - 2*c - 26, 36*c + 59 = 5*q + 32*c. What is the remainder when 0 - 13*(-1 - 2) is divided by q?
4
Calculate the remainder when 64 is divided by ((-14)/6 + 2)/(32/(-1824)).
7
Suppose -3*j = -4*j, -5*v = -3*j - 3490. What is the remainder when v is divided by 26?
22
Let x(o) = o**3 - 10*o**2 + 20*o - 25. Let y = -59 + 84. What is the remainder when y is divided by x(8)?
4
Let p = 38 + -8. Calculate the remainder when 148 is divided by p.
28
Let y(t) = t**3 - 5*t**2 - 3*t - 11. Let x be y(6). Let k(u) = -u**2 + 14*u + 5. What is the remainder when k(x) is divided by 7?
5
Suppose -2*j + 4 + 12 = u, 0 = -5*u - 3*j + 66. What is the remainder when (1 - 116/(-12))*3 is divided by u?
8
Suppose 2*l - z = -2*l + 192, 5*l + 4*z = 261. What is the remainder when l is divided by 17?
15
Let a be (-2)/(16/42)*-8. Calculate the remainder when (58/(-3))/((-4)/18) is divided by 132/a*(0 - -7).
21
Suppose 0 = -i - 21 + 23. Suppose -y - 9 = 4*k + 1, 2*y - 5*k - 32 = 0. Suppose -i*p - 60 = -y*p. Calculate the remaind